2 - 1208 = 0. Calculate the highest common divisor of k and 48.
6
Suppose 252 + 375 = z. Let w = 1730 + -1673. What is the greatest common factor of w and z?
57
Let x(w) = -38*w + 1608. Let l be x(41). Calculate the highest common divisor of 75 and l.
25
Let b(h) be the third derivative of -h**4/24 + 11*h**3/6 - 9*h**2. Let z be b(-7). Let d = -443 + 587. What is the highest common divisor of d and z?
18
Let j = -224 + 259. Suppose -13*y = -152 + j. Calculate the greatest common factor of 477 and y.
9
Let y(m) = 2*m**2 + 18*m. Let p be y(-12). Suppose 9*g - p = 7*g. Calculate the greatest common divisor of 144 and g.
36
Let a be (-1)/(-10) - (-957)/330. Suppose -5*w = -a*d - 40, 2*w + 4*d = -0*w + 16. Calculate the greatest common divisor of w and 48.
8
Let k(y) = -2*y**3 + 138*y**2 - 133*y + 93. Let c be k(68). Calculate the highest common divisor of c and 3.
3
Let n(u) be the second derivative of 16*u**3/3 - 30*u**2 - 166*u. Let q be n(3). What is the highest common factor of q and 90?
18
Let o(x) = -47*x - 1788. Let g be o(-53). What is the highest common divisor of 74 and g?
37
Let y = 82 - 106. Let s be 14 + y - -1*2. Let q be (-4 - s)/8 + 89/2. What is the greatest common factor of q and 270?
45
Let g(v) = -3*v + 7. Let m be g(2). Let y be (m + 5)*12/9. Suppose b = -2*n + y + 39, -5*n + 2*b + 104 = 0. Calculate the highest common divisor of 33 and n.
11
Suppose 219 = x - w, 167*w + 229 = x + 168*w. Let k(t) = t**3 + 4*t**2 - 5*t + 7. Let v be k(-5). Calculate the greatest common divisor of x and v.
7
Suppose 4*n = 5*s + 1834 + 900, 5*n = -2*s + 3434. What is the greatest common divisor of n and 406?
14
Let c(w) = -3*w**3 - 143*w**2 + 56*w + 392. Let r be c(-48). Let v be (1/(-2))/1*-2. Suppose v + 4 = 5*s. What is the greatest common divisor of s and r?
1
Let k = -20 + 22. Suppose -2*v + 91 = 3*h - 327, -2*h - k*v + 282 = 0. What is the greatest common divisor of 17 and h?
17
Suppose -2*l + 80 = 7*l + 11*l. Calculate the greatest common divisor of 94 and l.
2
Let k = 10532 - 10373. What is the greatest common divisor of 1696 and k?
53
Let q = -1476 + 3246. What is the highest common factor of q and 60?
30
Let m = 4526 - 3410. What is the greatest common divisor of m and 620?
124
Let p be 1110/4*(-36)/153*-17. What is the highest common factor of 30 and p?
30
Suppose -3*a + 24 = -5*a. Let i be (-220)/12*a/20. What is the greatest common divisor of i and 77?
11
Let y(q) be the first derivative of 5*q**2/2 + 56*q - 50. Let z be y(-9). Let c = 29 - 18. Calculate the greatest common factor of z and c.
11
Let c(d) = -d**2 + 2*d + 1. Suppose -2*u - 23 = 5*l, -3*u - 20 = 3*l + 1. Let o be c(u). Let j be (-3 - 1)*o/4. What is the highest common factor of j and 69?
23
Let b be 1/(-4 - (-666)/166). Suppose -50*g + 10202 + 6398 = 0. What is the greatest common divisor of b and g?
83
Let z = -59 - -92. Let b = -56155 - -56232. Calculate the greatest common factor of z and b.
11
Let h be 12/3 + (-730)/(-60)*12. What is the greatest common divisor of 16 and h?
2
Suppose 0 = f + 5 - 7. Suppose 5*s = f*k - 401, -3*s + 2*k = 329 - 86. Let p = s + 117. What is the highest common divisor of p and 380?
38
Let r = 22 + -17. Suppose -3*j - 3*t = -15, -r*j + 18 = -t - t. Suppose 0 = 2*f + j, w - 15 = 5*f + 11. Calculate the highest common divisor of w and 2.
2
Suppose 0 = 20*x - 311 + 180 - 109. Calculate the highest common divisor of 204 and x.
12
Let j = 4180 + 1066. What is the highest common divisor of 61 and j?
61
Let n be ((-152)/19 - -597) + 17. What is the highest common divisor of 54 and n?
6
Suppose 192*q - 17848 - 21800 = 24*q. What is the highest common divisor of 295 and q?
59
Let x(c) = c**2 - 5*c - 3. Let v be x(8). Suppose -y = -v - 227. Calculate the greatest common factor of y and 186.
62
Suppose -q = 37 + 48. Let a = q - -105. Let y = -209 + 389. Calculate the highest common divisor of a and y.
20
Suppose -5*y + 2*g - 3*g - 15 = 0, y = 4*g + 18. Let i be (3 + y - -539)*(-6)/15. Let m = -151 - i. Calculate the greatest common divisor of 26 and m.
13
Let q be (-3)/42 - 8/(224/(-21758)). What is the greatest common divisor of 168 and q?
21
Let r(a) = a + 126. Let n be r(0). Let w = -78 + n. Let j be -2 + -122*(1 + -2). Calculate the highest common divisor of w and j.
24
Suppose -4*x = 3*v + 7, -5 = 5*x + 4*v + 5. Suppose 2*h + h - x*u - 18 = 0, 0 = -u. Calculate the highest common divisor of 192 and h.
6
Let t = 5443 + -5431. What is the greatest common divisor of t and 87?
3
Let s(w) = w**2 + 6*w + 4. Let z be s(-6). Let c be -18 + (14/(-7) - -10). Let t = 58 + c. Calculate the greatest common divisor of z and t.
4
Suppose 0 = -2*x - 2*x - 3*r - 34, 0 = -5*x + 3*r - 29. Let s be x + -3 + -3 - (0 + 0). Let t = s + 19. What is the highest common factor of 18 and t?
6
Suppose -69864*s - 1782 = -69886*s. What is the greatest common divisor of s and 2637?
9
Suppose -12*h = -7*h - 110. Let f = -11 + h. Suppose l - 14 = 2*u, 2*l + 3*u + f = l. Calculate the greatest common divisor of 4 and l.
4
Let s be ((-132)/(-7))/(18*15/29295). What is the greatest common divisor of s and 3534?
186
Let b = -231 + 188. Let w = 93 + b. Calculate the greatest common divisor of 250 and w.
50
Let k(t) be the second derivative of t**3/3 + 37*t**2 + 2*t. Let n = 2444 - 2463. Let j be k(n). What is the greatest common divisor of j and 90?
18
Let y = 74 - 60. Let l = y + -2. Suppose -z + 3*z - 2*h = 30, -5*z - 2*h = -54. Calculate the highest common divisor of l and z.
12
Let h = 127 - 36. Let d = 107 - 108. Let k be 1 + (1 - 0 - d) + 10. Calculate the greatest common factor of k and h.
13
Let s = -164 - -304. Suppose -5*z - 3*q + 175 = -4*q, 3*q + s = 4*z. Calculate the highest common divisor of z and 175.
35
Let u be (2 - 334)/(27/(-27)). Calculate the highest common divisor of u and 5395.
83
Let r be (158/8)/(1/4). Suppose -3*s - 4*v + 2330 = 0, 246*s - v + 6310 = 254*s. Calculate the greatest common factor of s and r.
79
Suppose -5*d - 3 + 3 = 0. Let s = -3 - d. Let t be s/36*3 + 674/8. Calculate the greatest common factor of t and 56.
28
Let p(z) = z**3 + 2*z**2 + 10*z + 5. Let h be p(-3). Let o be 3*(h/(-6) + -5). Calculate the greatest common factor of o and 38.
2
Let g = 1350 + -54. Let x be 8 + (-979)/(-121) + (-10)/110. What is the greatest common divisor of g and x?
16
Let k = -316 - -328. Calculate the highest common factor of k and 5556.
12
Let u(n) = -289*n + 4700. Let d be u(11). Calculate the highest common divisor of d and 117.
117
Let m(g) = g**3 + 12*g**2 - 12*g + 75. Let u be m(-13). Let v = -19 - 17. Let z = u + v. What is the greatest common divisor of 13 and z?
13
Let p be ((-51)/(-12))/(4/16). Suppose 13*q - 54 = -5*q. Suppose -267 = -q*l + 141. What is the highest common divisor of p and l?
17
Let n(a) = -a**3 + 25*a**2 - 43*a - 44. Let q be n(23). Suppose 5*t - q = -5*u, -u = -5*t + 21 - 50. Calculate the greatest common factor of 12 and u.
3
Suppose 48750 = 42*v - 36*v + 44*v. Calculate the greatest common factor of v and 845.
65
Let q(y) = -y**2 + 24*y - 28. Let x(o) = -o**3 - 6*o**2 + 5*o + 8. Let i be x(-7). Let t be q(i). What is the greatest common divisor of 2 and t?
2
Let o be (-6)/(-4)*(-9)/(27/(-1384)). Let k = 797 - o. What is the highest common divisor of 6 and k?
3
Let s = -130 + 190. Let w(i) = -8*i**2 + 35*i + 49. Let k be w(5). Calculate the greatest common divisor of k and s.
12
Let k be 3/2*(-1 + 4)*292. Suppose -a = -2*t + t + 330, a = 4*t - k. What is the greatest common factor of 123 and t?
41
Let y be (-2 + 3)/((10/(-60)*2)/(-45)). Calculate the highest common factor of y and 10665.
135
Let w = -64 + 127. Suppose 21*s - 2583 - 504 = 0. Calculate the highest common factor of s and w.
21
Let r(o) = 14*o**2 - 3*o - 2. Let u be r(-4). Let k = -34 - 37. Let s = k - -97. What is the highest common factor of u and s?
26
Let u be 4/(-10) - ((-30047)/5 - 11). What is the greatest common divisor of 56 and u?
28
Suppose 0*y = y + 2*r - 138, -3*r + 3 = 0. Let m = -57 - -65. Calculate the greatest common divisor of y and m.
8
Let d = -16 + 19. Suppose c = -4, -d*k + 100 = k - 5*c. Suppose -4*s + 36 = k. What is the highest common divisor of 1 and s?
1
Let w be (36/54)/((-6)/(-27)). Let c be 181 - 10/(-2 - 3). What is the highest comm